 w be -34 - -1*(-2)/(-2). Let s be (10 - ((-1104)/(-32))/3)*(-4)/6. What are the prime factors of 5 - 3 - 0 - w/s?
5, 7
Suppose 16*b + 3*b - 32682 - 428429 = 0. What are the prime factors of b?
7, 3467
Let n(t) = -1868*t + 134. Let k be n(-11). List the prime factors of 14/(-35) + k/30.
13, 53
List the prime factors of ((-89260)/(-16))/(-16 + 389/24).
2, 3, 4463
Suppose -w = -5*o - 1991, 340*w - 4*o - 5929 = 337*w. List the prime factors of w.
3, 73
Let z be -3 + 1 + 0 + -22. List the prime factors of (((-414)/z)/(-1))/(1/(-20)).
3, 5, 23
Let l(z) = -z**3 + 9*z**2 - 10*z + 13. Let t be l(8). Let s = t + 6. Suppose 0 = -a - i + 90, -s*a - 5*i = -4*a + 114. What are the prime factors of a?
2, 47
Suppose -o = 5*a + 66, -a - 3*a + 185 = -5*o. Let g = o - -305. Suppose 0 = -q + 4*h + 88, -5*q + 2*q + 2*h + g = 0. List the prime factors of q.
2, 11
Let s(p) = 172*p**2 - 218*p - 178. List the prime factors of s(-14).
2, 11, 1663
Let u(l) = 6*l**2 - 40. Suppose 203 - 523 = -40*n. What are the prime factors of u(n)?
2, 43
Let y = 11 + 37. List the prime factors of (-8)/(y/(-1146)) - (2 + -2).
191
Let t be 55/25 - (-3)/(-15). Suppose t*z - 2*i - 1 - 1 = 0, -3*i = -5*z + 9. List the prime factors of 164/z + 14/(-21).
2, 3
Let b = 489 + 9916. What are the prime factors of b?
5, 2081
Suppose 0 = -5*d - 4*d + 45. Suppose -d*z + 6*z - 35 = 0. Suppose 328 = -33*s + z*s. List the prime factors of s.
2, 41
Suppose 2946130 = 106*j + 453172 + 267488. What are the prime factors of j?
5, 13, 17, 19
List the prime factors of (-70)/105 - ((-1072898)/18 + 24/(-108)).
5, 7, 13, 131
Suppose 0 = -4*o + 28, -p + 12940 = 5*o - 24217. What are the prime factors of p?
2, 3, 23, 269
Let w(c) = -883*c + 1916. List the prime factors of w(-3).
5, 11, 83
Let o = -355 - -32432. What are the prime factors of o?
32077
Let q = 7218 - -4378. List the prime factors of q.
2, 13, 223
Let x(y) = -215*y**3 + 3*y + 2. Let l = -4 + 3. Let h be x(l). Suppose -h = j - 331. List the prime factors of j.
3, 13
Let z = 684 + 6913. List the prime factors of z.
71, 107
Let l(r) = 12*r + 12. Let x be l(-2). Let p be (-248)/12 - (-8)/x*-1. Let f = p + 94. List the prime factors of f.
2, 37
Let n = -224 + 527. Suppose 4*d + 564 = 2*v, -4*v + 5*d - n + 1443 = 0. What are the prime factors of v?
2, 5, 29
What are the prime factors of 33007/5 + 1 - (9452/(-170) - -54)?
2, 13, 127
Let q = 3 + -147. Let j(o) = -2*o**3 + 3*o**2 - 4*o + 13. Let y be j(-4). Let m = q + y. What are the prime factors of m?
61
Suppose -4*z = 4*b - 72296, -87*b + 2*z + 36148 = -85*b. What are the prime factors of b?
2, 7, 1291
Suppose -175*a - 603192 = -257*a. List the prime factors of a.
2, 3, 613
Let z = 127 + 7914. What are the prime factors of z?
11, 17, 43
Suppose -3*p + 5*x - 23 = 0, -5*p - 6 = -3*p - x. What are the prime factors of -15 - -16 - p*(-1 + 39)?
3, 13
Suppose 9*u - 23 = 373. Suppose 0 = -b - 17 + u. Let a(m) = -m**2 + 32*m - 6. What are the prime factors of a(b)?
3, 43
List the prime factors of (-19740)/225*5*603/(-6).
2, 7, 47, 67
Let j be (-2 - 0) + (-10 - -11) + 4. Suppose -5*i = -j*h + 1046, -5*i - 203 - 139 = -h. What are the prime factors of h?
2, 11
Let b = 5786 - 5882. Let x(v) = -10*v**3. Let f be x(4). List the prime factors of (b/5)/(96/f).
2
Suppose -1019 = -3*y + 5*z, -34*z - 1344 = -4*y - 31*z. List the prime factors of y.
3, 37
Let p be ((5 - -791) + -1)/1. Let b = p + -549. Suppose 735 + b = 5*a - i, 4*a - 792 = -i. What are the prime factors of a?
197
Let v(c) = 136*c + 11633. List the prime factors of v(0).
11633
Suppose 10*l - 19759 = 13371. Suppose w - 10*j - 828 = -9*j, 5*j + l = 4*w. List the prime factors of w.
827
Let w(a) = -3*a + 26. Let g be w(20). Let c be 1 + 2 - (-5)/1. Let b = c - g. What are the prime factors of b?
2, 3, 7
Suppose x - 27 = 4*o - 12, 0 = 2*x + 4*o - 42. Let w = x + 67. Suppose -3*b = -3*c + 63, c + 3*c - 3*b = w. List the prime factors of c.
23
Let d(y) be the first derivative of 49*y**3 + 2*y**2 + 2*y - 23. Let h be d(-1). Let w = h + 38. What are the prime factors of w?
3, 61
Let z(y) = -y**2 - 4*y - 3. Let u be z(-3). Suppose 4*i = -u*i + 44. Suppose -p - 4*g + 6 = i, 5*g + 1 = -2*p. List the prime factors of p.
7
Let x = 82 + -10. Let n = x + -78. What are the prime factors of -122*(9/n + 1)?
61
Suppose 22 = -4*q - 38. Let g be (66 - -3)*q/(-9). Let f = 202 - g. List the prime factors of f.
3, 29
Let v(l) be the third derivative of l**6/120 - l**5/60 - l**4/12 - 7*l**3/6 - 20*l**2. Let b be v(5). List the prime factors of ((-3)/(-12))/(1/12) + b.
2, 43
Let i(x) = -130*x - 116 - 118*x + 46 - 36. List the prime factors of i(-5).
2, 3, 7
Let v(z) = -5*z**2 + z**2 - z**3 + 5*z**2 - 20*z**2 + 26*z. List the prime factors of v(-22).
2, 5, 11
Let p(s) = 4*s - 40. Let a = -60 - -69. Let j be p(a). What are the prime factors of 2*(j - 75/(-2))?
67
Let s(p) = -12*p**2 + 15*p + 49. Let b be s(18). Let z = -2046 - b. What are the prime factors of z?
1523
Let f(h) = 261*h + 207. Let w(n) = -26*n - 21. Let q(y) = -2*f(y) - 21*w(y). List the prime factors of q(4).
3, 41
Let w(x) = 204*x - 6542. What are the prime factors of w(122)?
2, 9173
Let d = 3614 - -31368. What are the prime factors of d?
2, 17491
Suppose 5493 = h - 2*z + 4*z, 0 = 3*z + 12. List the prime factors of h.
5501
Let k = -34 - -32. Let v be ((8/k)/(-2))/(1/4). Let g(t) = t**3 - 7*t**2 + 9*t + 2. What are the prime factors of g(v)?
2, 3, 23
List the prime factors of (78/18)/(2/(-11232)*-3).
2, 3, 13
Let k = -5983 + 22430. List the prime factors of k.
16447
Let i(b) = 19 - 11*b - 33*b - 115 - 161. What are the prime factors of i(-22)?
3, 79
Let v = -61 + 85. Let g = v - 30. What are the prime factors of 2 - (1/(-1))/((-2)/g)?
5
Let j be (-90)/(-12) - 11/(-22). Suppose -6*i + j*i = -2*u + 470, -8 = 2*i. List the prime factors of u.
239
Let v(u) = -u**2 + 6*u - 5. Let n be v(-8). Let t = 120 + n. Suppose 3*z + m = t*m + 317, 560 = 5*z + 3*m. List the prime factors of z.
109
Let t = -2049 + 37978. List the prime factors of t.
19, 31, 61
Suppose 0 = 12*o - 63028 - 7820. List the prime factors of o.
2, 3, 41
Suppose -f - 11*y + 40 = -16*y, -f - y + 16 = 0. Let o(m) = 2*m**2 + 20*m - 8. What are the prime factors of o(f)?
2, 149
Let j(i) be the third derivative of -i**6/60 + 8*i**5/15 - 17*i**4/24 - 11*i**3/6 + 54*i**2. What are the prime factors of j(13)?
2, 17, 23
Suppose 0 = -3*s - 3*n + n + 126, -2*s = 2*n - 82. Suppose 3 + 165 = -4*h. Let b = s - h. List the prime factors of b.
2, 43
Let d = 29 - 18. Let r(m) = -m**2 + 13*m - 10. Let x be r(d). Suppose 0*z - 5*b - 475 = -5*z, 0 = -4*b - x. What are the prime factors of z?
2, 23
Let u be 144/108*(-1 + (-2)/4). List the prime factors of (-5)/((-45)/966)*(-3)/u.
7, 23
Let m(i) = -387*i + 95. Let d(o) = -1163*o + 287. Let t(y) = -2*d(y) + 7*m(y). What are the prime factors of t(-3)?
2, 5, 31
Let s(d) = 208 - 11587*d + 146 + 11581*d. What are the prime factors of s(0)?
2, 3, 59
Let k be 128/(-48)*(-358 - -1). Suppose 11*c - k + 160 = 0. Suppose -h + c = 2*h. What are the prime factors of h?
2, 3
Suppose 85*c = 143*c + 97*c - 9858465. What are the prime factors of c?
3, 37, 191
Let v(y) = 98*y**2 - 38*y - 472. What are the prime factors of v(-14)?
2, 4817
Suppose 207645 - 65684 = 63*q - 109346. What are the prime factors of q?
3989
Suppose -38*b - 88*b = -14*b - 2998464. What are the prime factors of b?
2, 3, 23, 97
Let i be (15/2)/((-6)/(-176)). Suppose 3*m + 3*z + 384 = 0, -z + 522 = 22*m - 26*m. Let t = i + m. List the prime factors of t.
2, 3, 5
Suppose -4*j - 8 = 68. Let d(z) = -z - 1. Let q(g) = 8*g + 48. Let m(b) = -4*d(b) - q(b). What are the prime factors of m(j)?
2
Let r(v) = 22 + 20 - 71*v + 9 - 35. Let j be r(-3). Let m = 427 - j. What are the prime factors of m?
2, 3, 11
Suppose 3*m = -2*d - 8 + 27, 0 = -2*d + 3*m + 1. Let j = 7 + -3. Suppose -j*c + 1215 = d*c. What are the prime factors of c?
3, 5
Let m(r) = r**3 - 10*r**2 + 15*r + 14. Let h be m(8). List the prime factors of (13 + -5 - 2)/(h/464).
2, 29
Suppose q + 14 = 2*g - 2*q, 4*g = 5*q + 28. Suppose g*c = 3*c + 1264. List the prime factors of c.
2, 79
Suppose 0 = -2*f + t + 201 + 3851, -3*f + 6069 = -3*t. What are the prime factors of f?
2029
Suppose -4*n + 0*t = -2*t - 4, 5*n - 3*t = 3. Suppo